8
Let n(a) = 32*a**3 + a**2 + a - 1. Calculate n(-1).
-33
Let w(i) = i + 5. Determine w(-3).
2
Let b(c) = c**2 - 11*c + 15. What is b(3)?
-9
Let i(s) = s**2 - 7*s - 13. What is i(12)?
47
Let p(l) = -4*l**2 - l - 30. Give p(0).
-30
Let i(s) = s**2 + 16*s - 23. Give i(-17).
-6
Let m(f) = -f**3 - 36*f**2 + 39*f + 81. Give m(-37).
7
Let d(w) = -w**3 + 3*w**2 - 4*w + 4. Determine d(3).
-8
Let s(l) = l**2 - 2*l + 3. What is s(4)?
11
Let h(a) = -a**2 + 10*a + 135. Calculate h(16).
39
Let a(y) = -y + 49. What is a(64)?
-15
Let c(g) = 3*g + 72. Calculate c(-16).
24
Let o(w) = -2*w**2 + 11*w + 5. Give o(6).
-1
Let b(n) = 3*n + 2. Determine b(0).
2
Let j(l) = -2*l**2 + 35*l - 38. Determine j(17).
-21
Let q(b) = -57*b. Give q(1).
-57
Let w(t) = -t - 4. Determine w(-2).
-2
Let s(l) = l**3 - 3*l**2 + 3*l. Determine s(-3).
-63
Let p(i) = -i**3 - 5*i**2 + i - 6. What is p(-6)?
24
Let n(p) = 4*p - 1. Calculate n(-5).
-21
Let r(l) = l**3 + 21*l**2 + 21*l + 41. What is r(-20)?
21
Let u(x) = -x**3 + 5*x**2 - 12*x + 102. Determine u(6).
-6
Let q(j) = -8*j**2 - 25*j - 16. Calculate q(-2).
2
Let g(p) = -p**3 + 6*p - 6. Determine g(-4).
34
Let a(s) = -s**3 - 26*s**2 + 31*s + 106. Determine a(-27).
-2
Let g(d) = d**3 + 14*d**2 + 10*d - 44. Give g(-13).
-5
Let m(u) = -u**3 + 2*u**2 + 3*u - 1. Calculate m(-2).
9
Let i(m) = -2*m**3 + 2*m**2 + 4*m - 4. Determine i(2).
-4
Let p(g) = g**3 + 22*g**2 + 22*g + 24. Give p(-21).
3
Let q(x) = x**3 + 10*x**2 + 8*x - 9. Give q(-9).
0
Let m(a) = a - 38. Calculate m(17).
-21
Let n(p) = -3*p**2 + 7*p - 4. Calculate n(3).
-10
Let t(j) = j**3 + j**2 + 45. Calculate t(0).
45
Let r(g) = -90*g - 2. Determine r(1).
-92
Let v(l) = -l**2 - 15*l - 5. Calculate v(-14).
9
Let l(k) = -5*k + 7. What is l(7)?
-28
Let f(i) = -i**3 - 2*i**2 + 7*i + 2. Determine f(-3).
-10
Let m(v) = -10*v + 6. Determine m(-6).
66
Let b(z) = -4*z**2 - 4*z - 17. Determine b(0).
-17
Let d(u) = -u - 58. Calculate d(-32).
-26
Let q(h) = 3*h + 2. Give q(4).
14
Let n(i) = i**2 - 9*i + 23. Determine n(15).
113
Let v(d) = d**2 - 32*d + 235. What is v(11)?
4
Let n(q) = -q - 7. What is n(-8)?
1
Let q(n) = n**2 + 5*n + 3. Give q(-5).
3
Let j(v) = -2*v - 5. Calculate j(-1).
-3
Let m(q) = -q**3 - 6*q**2 - q - 7. Give m(-6).
-1
Let b(o) = -o**3 - 2*o**2 + 11*o + 13. Determine b(-4).
1
Let g(w) = -w**2 + 43*w - 459. What is g(22)?
3
Let o(j) = -j**2 + 15*j - 16. Calculate o(14).
-2
Let d(c) = c**2 + 15*c + 12. What is d(-14)?
-2
Let r(k) = -3*k - 9. Calculate r(-5).
6
Let w(v) = 3*v**2 - 2*v - 1. Calculate w(2).
7
Let m(c) = -2*c**3 + 12*c**2 + 4*c + 2. Determine m(6).
26
Let w(y) = y**2 - 13*y + 12. What is w(12)?
0
Let u(x) = -x**2 + 30*x - 28. Determine u(28).
28
Let n(g) = -20*g - 199. Calculate n(-10).
1
Let q(c) = -c**2 + 41*c - 27. Give q(40).
13
Let u(q) = -2*q**3 + 19*q**2 - 8*q - 6. Determine u(9).
3
Let n(j) = -10*j + 1. What is n(2)?
-19
Let p(d) = -2*d**3 + 16*d**2 + 12*d - 8. Calculate p(8).
88
Let x(a) = 2*a**2 + 5*a + 3. Calculate x(-7).
66
Let j(w) = -w**3 - 9*w**2 + 2. Give j(-9).
2
Let x(s) = s**3 + 4*s**2 - 19*s + 16. Give x(-7).
2
Let q(f) = f**3 + 5*f**2 - 9*f + 1. Determine q(-6).
19
Let n(z) = -z - 10. What is n(-11)?
1
Let i(r) = 25*r**3 - 2*r**2 + r. What is i(1)?
24
Let l(x) = -x**2 - 4*x + 6. Calculate l(3).
-15
Let d(v) = -10*v**2 - 3*v - 3. Give d(-2).
-37
Let c(t) = -2*t**2 + 2*t - 7. Calculate c(0).
-7
Let j(g) = -3*g**3 + 4*g - 5. Determine j(2).
-21
Let a(y) = y**3 - 40*y**2 - 3*y + 118. Calculate a(40).
-2
Let c(b) = 51*b**2 + 2*b - 1. Determine c(1).
52
Let m(l) = l**2 + 2*l - 7. Determine m(3).
8
Let c(k) = -2*k**2 - 19*k - 13. What is c(-10)?
-23
Let a(r) = r**3 - 10*r**2 + 3*r + 8. Calculate a(10).
38
Let w(y) = -97*y - 194. Give w(-2).
0
Let x(w) = 5*w**2 - w - 2. Determine x(-1).
4
Let m(b) = 4*b**3 + 2*b + 2. Give m(-2).
-34
Let j(k) = k**2 + 25*k + 1. Determine j(-21).
-83
Let x(j) = -44*j - 1. Determine x(1).
-45
Let b(w) = -2*w + 3. What is b(0)?
3
Let u(k) = 14*k + 1. Give u(2).
29
Let o(u) = -u**3 + 6*u**2 + 13*u + 9. Determine o(7).
51
Let o(v) = -7*v**2 + v - 1. Determine o(-2).
-31
Let r(v) = 3*v + 17. What is r(-12)?
-19
Let g(t) = -t**3 + 8*t**2 - 6*t - 10. Calculate g(7).
-3
Let h(o) = -10*o + 10. What is h(3)?
-20
Let z(l) = 3*l - 8. Calculate z(4).
4
Let a(k) = k**2 - 3*k - 11. Give a(-5).
29
Let z(f) = -f**2 - 4*f - 32. What is z(-6)?
-44
Let z(q) = 39*q + 12. Give z(-5).
-183
Let x(y) = -y**3 + 7*y**2 - 10*y. Calculate x(5).
0
Let b(u) = -u**3 + 20*u**2 - 74*u - 14. Calculate b(15).
1
Let x(v) = v**3 - 7*v**2 - 14*v + 26. Determine x(8).
-22
Let t(o) = -62*o + 621. What is t(10)?
1
Let i(d) = d**3 + 15*d**2 + 13*d + 1. Determine i(-14).
15
Let x(l) = -3*l**2 + 2*l - 2. Give x(1).
-3
Let f(q) = q**3 + 45*q**2 + 85*q - 37. What is f(-43)?
6
Let r(k) = -24*k**2 + k + 1. What is r(-1)?
-24
Let h(w) = 15*w**3 + w**2 - 1. Give h(-1).
-15
Let o(j) = -2*j - 6. What is o(-4)?
2
Let g(t) = 2*t - 20. What is g(2)?
-16
Let o(q) = 43*q**2 - 5*q - 3. Give o(-1).
45
Let o(d) = d + 19. Determine o(-9).
10
Let h(n) = -4*n - 42. Determine h(-10).
-2
Let t(d) = d**3 + 14*d**2 - 15*d + 10. What is t(-15)?
10
Let u(h) = -h**2 + 37*h + 86. What is u(39)?
8
Let w(k) = -2*k**2 - 3*k - 12. What is w(-3)?
-21
Let o(k) = -46*k + 10. What is o(2)?
-82
Let f(k) = -7*k + 42. Give f(5).
7
Let v(k) = k**2 - k. Determine v(1).
0
Let h(k) = 52*k**3 - k**2 - 3*k - 1. What is h(-1)?
-51
Let h(u) = 2*u + 20. Calculate h(-14).
-8
Let n(k) = k**2 + 2*k - 1. Give n(-3).
2
Let r(d) = 14*d - 11. Give r(4).
45
Let s(g) = -17*g + 5. What is s(3)?
-46
Let c(s) = 16*s**3 - 2*s**2 + 1. Give c(-1).
-17
Let a(c) = c**2 - 4*c + 6. Determine a(5).
11
Let i(n) = n**3 - 15*n**2 - 2*n + 25. Give i(15).
-5
Let s(l) = 3*l - 7. Calculate s(2).
-1
Let d(q) = -23*q - 42. Calculate d(-2).
4
Let d(v) = 5*v**3 + 23*v**2 + 8*v - 5. What is d(-4)?
11
Let g(s) = -9*s**2 + 6*s - 13. What is g(3)?
-76
Let f(g) = -8*g + 14. Calculate f(1).
6
Let f(p) = -4*p + 41. Determine f(6).
17
Let g(i) = 13*i + 1. Determine g(2).
27
Let g(p) = 9*p + 2. Give g(-3).
-25
Let j(s) = -s**3 - 7*s**2 + 2*s + 53. Give j(-6).
5
Let n(l) = -l**3 + l**2 + 4*l. Determine n(-3).
24
Let u(k) = 16*k - 20. Calculate u(3).
28
Let a(j) = j**3 + 4*j**2 - 2*j - 3. Determine a(-2).
9
Let t(m) = -32*m - 43. Calculate t(-3).
53
Let b(y) = -y**3 + 14*y**2 + 15*y + 11. Determine b(15).
11
Let r(j) = j**2 - 28*j + 83. Determine r(3).
8
Let g(z) = 3*z**3 + 6*z**2 - 3*z + 4. What is g(-3)?
-14
Let w(n) = -n**2 - 8*n - 10. Determine w(-8).
-10
Let h(z) = -6*z**3 - z**2 + 2*z + 2. Give h(-1).
5
Let k(i) = -10*i - 3. Calculate k(2).
-23
Let q(i) = i**2 + 20*i - 1. What is q(-15)?
-76
Let l(d) = -13*d + 568. Calculate l(43).
9
Let h(o) = -2*o**2 + 7*o. What is h(5)?
-15
Let g(y) = 3*y**2 + 2. Determine g(-2).
14
Let u(j) = -j**2 + 4*j + 37. Calculate u(-6).
-23
Let v(l) = -16*l**3 - 2*l**2 - 4*l + 6. What is v(2)?
-138
Let l(p) = p**2 + 18*p - 24. Give l(-18).
-24
Let m(g) = -g**3 + 8*g**2 - 5*g + 5. Calculate m(4).
49
Let k(o) = 14*o + 520. What is k(-37)?
2
Let f(k) = -19*k**2 - 114*k - 2. Give f(-6).
-2
Let h(k) = -k**2 - 7*k + 22. What is h(-11)?
-22
Let v(h) = -h**2 + 4*h + 1. Determine v(6).
-11
Let c(a) = a**2 + 2*a - 21. What is c(-5)?
-6
Let t(v) = -v**3 - 6*v**2 - 6*v + 3. Determine t(-5).
8
Let q(s) = s**3 + 8*s**2 + 4*s - 3. Calculate q(-7).
18
Let d(k) = 2*k + 2. What is d(-2)?
-2
Let l(d) = d**3 - 3*d**2 - 16*d + 30. Determine l(5).
0
Let v(d) = 2*d - 47. Determine v(26).
5
Let f(x) = x**3 + 29*x**2 + 30*x + 53. Determine f(-28).
-3
Let v(w) = -5*w + 31. Determine v(12).
-29
Let s(n) = n**3 + 18*n**2 + 21*n + 75. Determine s(-17).
7
Let v(u) = 16*u + 100. What is v(-6)?
4
Let z(n) = n - 22. Give z(19).
-3
Let j(u) = 13*u - 38. Calculate j(3).
1
Let l(i) = i**3 + 10*i**2 - 8*i + 3. What is l(-11)?
-30
Let q(s) = 2*s**3 + s**2 - s + 29. Calculate q(0).
29
Let z(h) = -h**3 - 3*h**2 + 8*h - 5. Calculate z(-5).
5
Let y(a) = -2*a - 2. Calculate y(-6).
10
Let b(s) = -s - 9. Give b(-6).
-3
Let h(f) = -3*f**3 - f**2 - f - 4. Give h(-2).
18
Let x(b) = -b**3 - 7*b**2 - 10*b - 74. Determine x(-7).
-4
Let q(v) = v**3 + 10*v**2 + 9*v + 41. Give q(-10).
-49
Let d(a) = -23*a + 556. Give d(24).
4
Let t(k) = -k**3 - 44*k**2 - 46*k - 12